{"id":66,"date":"2025-10-23T09:50:35","date_gmt":"2025-10-23T09:50:35","guid":{"rendered":"https:\/\/xanetastudio.estaciondiseno.es\/?page_id=66"},"modified":"2026-02-03T20:26:53","modified_gmt":"2026-02-03T20:26:53","slug":"inicio","status":"publish","type":"page","link":"https:\/\/xanetastudio.estaciondiseno.es\/","title":{"rendered":"Inicio"},"content":{"rendered":"\t\t<div data-elementor-type=\"wp-page\" data-elementor-id=\"66\" class=\"elementor elementor-66\" data-elementor-post-type=\"page\">\n\t\t\t\t\t\t<section class=\"elementor-section elementor-top-section elementor-element elementor-element-146601e elementor-section-full_width elementor-section-height-default elementor-section-height-default\" data-id=\"146601e\" data-element_type=\"section\">\n\t\t\t\t\t\t<div class=\"elementor-container elementor-column-gap-default\">\n\t\t\t\t\t<div class=\"elementor-column elementor-col-66 elementor-top-column elementor-element elementor-element-093b085\" data-id=\"093b085\" data-element_type=\"column\">\n\t\t\t<div class=\"elementor-widget-wrap elementor-element-populated\">\n\t\t\t\t\t\t<div class=\"elementor-element elementor-element-16769a2 elementor-widget elementor-widget-image\" data-id=\"16769a2\" data-element_type=\"widget\" data-widget_type=\"image.default\">\n\t\t\t\t<div class=\"elementor-widget-container\">\n\t\t\t\t\t\t\t\t\t\t\t\t\t\t\t<img fetchpriority=\"high\" decoding=\"async\" width=\"1870\" height=\"1247\" src=\"https:\/\/xanetastudio.estaciondiseno.es\/wp-content\/uploads\/2026\/01\/IMG_3746-1-editada.jpg\" class=\"attachment-full size-full wp-image-542\" alt=\"\" srcset=\"https:\/\/xanetastudio.estaciondiseno.es\/wp-content\/uploads\/2026\/01\/IMG_3746-1-editada.jpg 1870w, https:\/\/xanetastudio.estaciondiseno.es\/wp-content\/uploads\/2026\/01\/IMG_3746-1-editada-300x200.jpg 300w, https:\/\/xanetastudio.estaciondiseno.es\/wp-content\/uploads\/2026\/01\/IMG_3746-1-editada-1024x683.jpg 1024w, https:\/\/xanetastudio.estaciondiseno.es\/wp-content\/uploads\/2026\/01\/IMG_3746-1-editada-768x512.jpg 768w, https:\/\/xanetastudio.estaciondiseno.es\/wp-content\/uploads\/2026\/01\/IMG_3746-1-editada-1536x1024.jpg 1536w\" sizes=\"(max-width: 1870px) 100vw, 1870px\" \/>\t\t\t\t\t\t\t\t\t\t\t\t\t\t\t<\/div>\n\t\t\t\t<\/div>\n\t\t\t\t\t<\/div>\n\t\t<\/div>\n\t\t\t\t<div class=\"elementor-column elementor-col-33 elementor-top-column elementor-element elementor-element-6844940\" data-id=\"6844940\" data-element_type=\"column\">\n\t\t\t<div class=\"elementor-widget-wrap elementor-element-populated\">\n\t\t\t\t\t\t<div class=\"elementor-element elementor-element-4babebf elementor-widget__width-initial elementor-widget elementor-widget-image\" data-id=\"4babebf\" data-element_type=\"widget\" data-widget_type=\"image.default\">\n\t\t\t\t<div class=\"elementor-widget-container\">\n\t\t\t\t\t\t\t\t\t\t\t\t\t\t\t<img decoding=\"async\" width=\"729\" height=\"308\" src=\"https:\/\/xanetastudio.estaciondiseno.es\/wp-content\/uploads\/2026\/01\/xaneta.png\" class=\"attachment-large size-large wp-image-549\" alt=\"\" srcset=\"https:\/\/xanetastudio.estaciondiseno.es\/wp-content\/uploads\/2026\/01\/xaneta.png 729w, https:\/\/xanetastudio.estaciondiseno.es\/wp-content\/uploads\/2026\/01\/xaneta-300x127.png 300w\" sizes=\"(max-width: 729px) 100vw, 729px\" \/>\t\t\t\t\t\t\t\t\t\t\t\t\t\t\t<\/div>\n\t\t\t\t<\/div>\n\t\t\t\t<div class=\"elementor-element elementor-element-c345140 elementor-widget__width-initial elementor-widget-mobile__width-initial elementor-widget elementor-widget-text-editor\" data-id=\"c345140\" data-element_type=\"widget\" data-widget_type=\"text-editor.default\">\n\t\t\t\t<div class=\"elementor-widget-container\">\n\t\t\t\t\t\t\t\t\t<p><span style=\"font-weight: 400;\">Xaneta Studio es una marca emergente que nace con una identidad clara: una mezcla entre lo atrevido, lo sensual y lo urbano. La esencia est\u00e1 dise\u00f1ada espec\u00edficamente para personas que no tienen miedo a destacar y que entienden la moda como una forma expresi\u00f3n personal y como algo para divertirse.&nbsp;<\/span><\/p>\n<p><span style=\"background-color: rgba(0, 0, 0, 0);\">Hasta el momento, se han materializado dos colecciones muy distintas: primero con \u201cPrisoner\u201d, una colecci\u00f3n comercial para la temporada primavera-verano 2024; y m\u00e1s recientemente \u201cMangata\u201d, una propuesta para primavera-verano 2025 donde se explora el lado m\u00e1s experimental de la marca, elevando el concepto de la Xaneta Studio hacia formas m\u00e1s art\u00edsticas y arriesgadas sin perder el ADN original.<\/span><\/p>\t\t\t\t\t\t\t\t<\/div>\n\t\t\t\t<\/div>\n\t\t\t\t\t<\/div>\n\t\t<\/div>\n\t\t\t\t\t<\/div>\n\t\t<\/section>\n\t\t\t\t<\/div>\n\t\t","protected":false},"excerpt":{"rendered":"<p>Xaneta Studio es una marca emergente que nace con una identidad clara: una mezcla entre lo atrevido, lo sensual y lo urbano. La esencia est\u00e1 dise\u00f1ada espec\u00edficamente para personas que no tienen miedo a destacar y que entienden la moda como una forma expresi\u00f3n personal y como algo para divertirse.&nbsp; Hasta el momento, se han [&hellip;]<\/p>\n","protected":false},"author":1,"featured_media":0,"parent":0,"menu_order":0,"comment_status":"closed","ping_status":"closed","template":"elementor_header_footer","meta":{"footnotes":""},"class_list":["post-66","page","type-page","status-publish"],"yoast_head":"<!-- This site is optimized with the Yoast SEO Premium plugin v20.12 (Yoast SEO v20.12) - https:\/\/yoast.com\/wordpress\/plugins\/seo\/ -->\n<title>Inicio - Xaneta studio<\/title>\n<meta name=\"robots\" content=\"index, follow, max-snippet:-1, max-image-preview:large, max-video-preview:-1\" \/>\n<link rel=\"canonical\" href=\"https:\/\/xanetastudio.estaciondiseno.es\/\" \/>\n<meta property=\"og:locale\" content=\"es_ES\" \/>\n<meta property=\"og:type\" content=\"article\" \/>\n<meta property=\"og:title\" content=\"Inicio\" \/>\n<meta property=\"og:description\" content=\"Xaneta Studio es una marca emergente que nace con una identidad clara: una mezcla entre lo atrevido, lo sensual y lo urbano. La esencia est\u00e1 dise\u00f1ada espec\u00edficamente para personas que no tienen miedo a destacar y que entienden la moda como una forma expresi\u00f3n personal y como algo para divertirse.&nbsp; Hasta el momento, se han [&hellip;]\" \/>\n<meta property=\"og:url\" content=\"https:\/\/xanetastudio.estaciondiseno.es\/\" \/>\n<meta property=\"og:site_name\" content=\"Xaneta studio\" \/>\n<meta property=\"article:modified_time\" content=\"2026-02-03T20:26:53+00:00\" \/>\n<meta property=\"og:image\" content=\"https:\/\/xanetastudio.estaciondiseno.es\/wp-content\/uploads\/2026\/01\/IMG_3746-1-editada.jpg\" \/>\n<meta name=\"twitter:card\" content=\"summary_large_image\" \/>\n<meta name=\"twitter:label1\" content=\"Tiempo de lectura\" \/>\n\t<meta name=\"twitter:data1\" content=\"1 minuto\" \/>\n<script type=\"application\/ld+json\" class=\"yoast-schema-graph\">{\"@context\":\"https:\/\/schema.org\",\"@graph\":[{\"@type\":\"WebPage\",\"@id\":\"https:\/\/xanetastudio.estaciondiseno.es\/\",\"url\":\"https:\/\/xanetastudio.estaciondiseno.es\/\",\"name\":\"Inicio - Xaneta studio\",\"isPartOf\":{\"@id\":\"https:\/\/xanetastudio.estaciondiseno.es\/#website\"},\"datePublished\":\"2025-10-23T09:50:35+00:00\",\"dateModified\":\"2026-02-03T20:26:53+00:00\",\"breadcrumb\":{\"@id\":\"https:\/\/xanetastudio.estaciondiseno.es\/#breadcrumb\"},\"inLanguage\":\"es\",\"potentialAction\":[{\"@type\":\"ReadAction\",\"target\":[\"https:\/\/xanetastudio.estaciondiseno.es\/\"]}]},{\"@type\":\"BreadcrumbList\",\"@id\":\"https:\/\/xanetastudio.estaciondiseno.es\/#breadcrumb\",\"itemListElement\":[{\"@type\":\"ListItem\",\"position\":1,\"name\":\"Home\",\"item\":\"https:\/\/xanetastudio.estaciondiseno.es\/\"},{\"@type\":\"ListItem\",\"position\":2,\"name\":\"Inicio\"}]},{\"@type\":\"WebSite\",\"@id\":\"https:\/\/xanetastudio.estaciondiseno.es\/#website\",\"url\":\"https:\/\/xanetastudio.estaciondiseno.es\/\",\"name\":\"Xaneta studio\",\"description\":\"\",\"publisher\":{\"@id\":\"https:\/\/xanetastudio.estaciondiseno.es\/#organization\"},\"potentialAction\":[{\"@type\":\"SearchAction\",\"target\":{\"@type\":\"EntryPoint\",\"urlTemplate\":\"https:\/\/xanetastudio.estaciondiseno.es\/?s={search_term_string}\"},\"query-input\":\"required name=search_term_string\"}],\"inLanguage\":\"es\"},{\"@type\":\"Organization\",\"@id\":\"https:\/\/xanetastudio.estaciondiseno.es\/#organization\",\"name\":\"Xaneta studio\",\"url\":\"https:\/\/xanetastudio.estaciondiseno.es\/\",\"logo\":{\"@type\":\"ImageObject\",\"inLanguage\":\"es\",\"@id\":\"https:\/\/xanetastudio.estaciondiseno.es\/#\/schema\/logo\/image\/\",\"url\":\"https:\/\/xanetastudio.estaciondiseno.es\/wp-content\/uploads\/2026\/01\/xaneta.png\",\"contentUrl\":\"https:\/\/xanetastudio.estaciondiseno.es\/wp-content\/uploads\/2026\/01\/xaneta.png\",\"width\":729,\"height\":308,\"caption\":\"Xaneta studio\"},\"image\":{\"@id\":\"https:\/\/xanetastudio.estaciondiseno.es\/#\/schema\/logo\/image\/\"}}]}<\/script>\n<!-- \/ Yoast SEO Premium plugin. -->","yoast_head_json":{"title":"Inicio - Xaneta studio","robots":{"index":"index","follow":"follow","max-snippet":"max-snippet:-1","max-image-preview":"max-image-preview:large","max-video-preview":"max-video-preview:-1"},"canonical":"https:\/\/xanetastudio.estaciondiseno.es\/","og_locale":"es_ES","og_type":"article","og_title":"Inicio","og_description":"Xaneta Studio es una marca emergente que nace con una identidad clara: una mezcla entre lo atrevido, lo sensual y lo urbano. La esencia est\u00e1 dise\u00f1ada espec\u00edficamente para personas que no tienen miedo a destacar y que entienden la moda como una forma expresi\u00f3n personal y como algo para divertirse.&nbsp; Hasta el momento, se han [&hellip;]","og_url":"https:\/\/xanetastudio.estaciondiseno.es\/","og_site_name":"Xaneta studio","article_modified_time":"2026-02-03T20:26:53+00:00","og_image":[{"url":"https:\/\/xanetastudio.estaciondiseno.es\/wp-content\/uploads\/2026\/01\/IMG_3746-1-editada.jpg"}],"twitter_card":"summary_large_image","twitter_misc":{"Tiempo de lectura":"1 minuto"},"schema":{"@context":"https:\/\/schema.org","@graph":[{"@type":"WebPage","@id":"https:\/\/xanetastudio.estaciondiseno.es\/","url":"https:\/\/xanetastudio.estaciondiseno.es\/","name":"Inicio - Xaneta studio","isPartOf":{"@id":"https:\/\/xanetastudio.estaciondiseno.es\/#website"},"datePublished":"2025-10-23T09:50:35+00:00","dateModified":"2026-02-03T20:26:53+00:00","breadcrumb":{"@id":"https:\/\/xanetastudio.estaciondiseno.es\/#breadcrumb"},"inLanguage":"es","potentialAction":[{"@type":"ReadAction","target":["https:\/\/xanetastudio.estaciondiseno.es\/"]}]},{"@type":"BreadcrumbList","@id":"https:\/\/xanetastudio.estaciondiseno.es\/#breadcrumb","itemListElement":[{"@type":"ListItem","position":1,"name":"Home","item":"https:\/\/xanetastudio.estaciondiseno.es\/"},{"@type":"ListItem","position":2,"name":"Inicio"}]},{"@type":"WebSite","@id":"https:\/\/xanetastudio.estaciondiseno.es\/#website","url":"https:\/\/xanetastudio.estaciondiseno.es\/","name":"Xaneta studio","description":"","publisher":{"@id":"https:\/\/xanetastudio.estaciondiseno.es\/#organization"},"potentialAction":[{"@type":"SearchAction","target":{"@type":"EntryPoint","urlTemplate":"https:\/\/xanetastudio.estaciondiseno.es\/?s={search_term_string}"},"query-input":"required name=search_term_string"}],"inLanguage":"es"},{"@type":"Organization","@id":"https:\/\/xanetastudio.estaciondiseno.es\/#organization","name":"Xaneta studio","url":"https:\/\/xanetastudio.estaciondiseno.es\/","logo":{"@type":"ImageObject","inLanguage":"es","@id":"https:\/\/xanetastudio.estaciondiseno.es\/#\/schema\/logo\/image\/","url":"https:\/\/xanetastudio.estaciondiseno.es\/wp-content\/uploads\/2026\/01\/xaneta.png","contentUrl":"https:\/\/xanetastudio.estaciondiseno.es\/wp-content\/uploads\/2026\/01\/xaneta.png","width":729,"height":308,"caption":"Xaneta studio"},"image":{"@id":"https:\/\/xanetastudio.estaciondiseno.es\/#\/schema\/logo\/image\/"}}]}},"_links":{"self":[{"href":"https:\/\/xanetastudio.estaciondiseno.es\/index.php\/wp-json\/wp\/v2\/pages\/66","targetHints":{"allow":["GET"]}}],"collection":[{"href":"https:\/\/xanetastudio.estaciondiseno.es\/index.php\/wp-json\/wp\/v2\/pages"}],"about":[{"href":"https:\/\/xanetastudio.estaciondiseno.es\/index.php\/wp-json\/wp\/v2\/types\/page"}],"author":[{"embeddable":true,"href":"https:\/\/xanetastudio.estaciondiseno.es\/index.php\/wp-json\/wp\/v2\/users\/1"}],"replies":[{"embeddable":true,"href":"https:\/\/xanetastudio.estaciondiseno.es\/index.php\/wp-json\/wp\/v2\/comments?post=66"}],"version-history":[{"count":82,"href":"https:\/\/xanetastudio.estaciondiseno.es\/index.php\/wp-json\/wp\/v2\/pages\/66\/revisions"}],"predecessor-version":[{"id":672,"href":"https:\/\/xanetastudio.estaciondiseno.es\/index.php\/wp-json\/wp\/v2\/pages\/66\/revisions\/672"}],"wp:attachment":[{"href":"https:\/\/xanetastudio.estaciondiseno.es\/index.php\/wp-json\/wp\/v2\/media?parent=66"}],"curies":[{"name":"wp","href":"https:\/\/api.w.org\/{rel}","templated":true}]}}